 4. Let r be b(c). Calculate a(r).
-6
Let y(o) = 4*o**3 + 7*o**2 + 10*o - 17. Let l(j) = -j**3 + 1. Let b(v) = -5*l(v) - y(v). Give b(8).
-4
Suppose -4*c - 5*j = 6, -5*j = c + c - 2. Let q be 248/88 + (-4)/(-22). Let g(h) = -h + q*h - 1 - 4*h + 3*h. What is g(c)?
-5
Suppose -2*l + 6 = -2. Suppose l*c + 0*c = 12. Suppose -c*f = 2*f + 30. Let s(n) = n**3 + 6*n**2 - 2*n - 9. Determine s(f).
3
Let m = 9 + -4. Suppose -b + 22 - 2 = -4*o, m*b = 0. Let v(i) = i + 5. Give v(o).
0
Let n be (6/5)/(12/(-40)). Let j(t) = t**3 + 3*t**2 - 4*t - 5. What is j(n)?
-5
Let j(a) = -3*a + 1. Let l(w) = 2*w**2 + w + 1. Let u be l(-2). Let h = u - 5. What is j(h)?
-5
Let u(z) = z**2 - z**2 - 3*z - z**2 + z. Let l be u(-3). Let v(j) = j + 7. Calculate v(l).
4
Let h(j) = 3*j**3 + 4*j**2 + 7*j - 10. Let o(p) = -p**3 + 5. Let s(r) = -r**3 + 6. Let l(y) = -5*o(y) + 4*s(y). Let t(n) = h(n) - 4*l(n). Calculate t(5).
4
Let j(d) be the second derivative of d**3/3 + d**2/2 + 29*d. Calculate j(4).
9
Let w(l) = l**3 - 2*l**2 - l - 1. Let r(a) = -a - 1. Suppose 4*d - 6 = -22. Let j be r(d). Suppose 6 = j*b - 0*b. Determine w(b).
-3
Let w(x) = 2*x**3 + x**2 + 2*x - 1. Suppose 0 = 3*a + 6. Determine w(a).
-17
Let o = 7 - 4. Suppose -l = -o*l + 4*c + 10, -1 = -5*l - 2*c. Let v(u) be the second derivative of u**4/6 - u**3/6 + u**2/2 + 2*u. Give v(l).
2
Let z(j) = 4*j**2 - 2*j**2 - 4*j**3 + 3*j + 5*j**3. Suppose v - 2*a = 2*a + 14, 5*v = a + 51. Suppose 3*t - 2*t + v = -4*o, -5*o = 5*t + 20. Determine z(o).
-6
Let b(q) = -2 + 3 - q + 3 + 0. What is b(4)?
0
Suppose 2*z = -0 - 4, -4*z = -3*a - 31. Let y be (-1)/(-3) + a/3. Let r(s) be the first derivative of -s**4/4 - s**3 + 3*s**2 + 2*s - 1. Determine r(y).
-6
Let h(s) be the third derivative of 1/24*s**4 + 1/120*s**6 + s**2 + 0 + 1/20*s**5 + 0*s - 1/3*s**3. What is h(-2)?
0
Let k = -1 + 2. Let n(t) be the third derivative of -t**6/12 - t**5/60 + t**3/6 + 16*t**2. What is n(k)?
-10
Let a(q) = -2*q**2 - 3. Let h(c) = -3*c**2 + c - 6. Let b(k) = 5*a(k) - 3*h(k). Let z = 5 - 3. Calculate b(z).
-7
Let l(s) = s. Let c(w) = 4*w + 3. Let b(y) = c(y) - 3*l(y). What is b(4)?
7
Let n(m) = -m - 5. Let t be n(-12). Suppose -t = 5*l - 2. Let f(w) = 0*w + 3 - 3*w**2 + w - 2. Determine f(l).
-3
Let s(v) = 6*v**3 + 4*v**2 - 7*v - 5. Let c(d) = -5*d**3 - 4*d**2 + 6*d + 4. Let o(r) = -5*c(r) - 4*s(r). Calculate o(-4).
8
Let g(c) = c**3 + c + 7 + c**3 - 4*c**2 - 3*c**3 - 2. Let y be g(-4). Let o(z) = -14*z + 1. Calculate o(y).
-13
Let l = 11 - 8. Let o be ((-60)/(-9))/4*l. Let t = o + -10. Let u(v) = -v**3 - 5*v**2 - 4. Give u(t).
-4
Let a = 1 - -2. Let t(h) = -a - 6 + h**2 + 12 - 7*h. Suppose 20 = -o + 5*o. Calculate t(o).
-7
Let w(a) be the first derivative of a**5/30 - a**4/24 + a**3 - 3. Let x(o) be the third derivative of w(o). Determine x(1).
3
Let n(c) = -c**2 + 15*c - 9. Let d be n(14). Let p(x) = -x**3 + 5*x**2 + 7. Determine p(d).
7
Suppose 10*a = -2 - 28. Let l(b) = 0 - b - 3 + 1. Determine l(a).
1
Let f(v) = v**3 - 6*v**2 + 7*v - 4. Suppose 4 = g + 5. Let a be 3/g + (5 - -3). Calculate f(a).
6
Let l(g) = g**3 + 4*g**2 - 3. Let w(x) = -x**2 + 16*x. Let y be w(15). Suppose 2*r = -r - y, -4*r - 35 = 5*k. Determine l(k).
6
Let w(h) be the first derivative of h**3/3 + h**2 - 1. Let f = 9 - 11. What is w(f)?
0
Let m(v) = -v**2 - 3*v - 1. Let u be (-136)/32 + 3/12. Determine m(u).
-5
Let d(p) = -p**2 - 5*p + 7. Let j be d(0). Let x(z) = z**2 - 4*z + 8. Let k(n) = n. Let a(s) = -4*k(s) + x(s). What is a(j)?
1
Suppose 0 = -3*h + 4*h - 3. Let z(g) = -g**3 + 2*g**2 + 2*g - 4. Calculate z(h).
-7
Let l(s) be the first derivative of -1 - s + 1/2*s**2. Suppose -3*q = -2*q. Determine l(q).
-1
Suppose 1 = -2*c - 5. Let v(n) = -n**3 - 2*n - 1. Let q be v(-1). Let h(b) = 7*b - 9*b - 1 - q*b. Give h(c).
11
Let s(c) = -3*c - 1. Suppose 0*a + 12 = -4*a. Let o be (-3)/((-4)/(8/a)). Let k = -1 - o. Determine s(k).
-4
Let l = 30 - 32. Let x(m) = -4*m**2 - 3*m. Determine x(l).
-10
Let z = 16 - 18. Let p(x) = -3*x - 1. Calculate p(z).
5
Let k be (-1)/5 + (-16)/(-30). Let c(p) be the first derivative of -2 - 1/2*p**2 - 2*p - k*p**3. What is c(0)?
-2
Let t be (-2)/4*(-1 - -1). Suppose -5*o = -d - 15, d - o + 6*o - 25 = t. Let k = 10 - d. Let i(h) = -h + 4. What is i(k)?
-1
Suppose 10 = a - 5. Suppose -i = -6*i + a. Let g(c) = c**2 + 1. Determine g(i).
10
Let o(z) = 3*z - 3 - 4*z + 2*z. Suppose -2*x + y + 3 = -0, -y = -3. Let u be o(x). Let a(n) = -n - 3. Calculate a(u).
-3
Let t(w) = -14*w**2 - 2*w + 12. Suppose -2*o + 8 - 4 = 0. Let y(h) = -5 - 3*h**2 + 8*h**o + h + 1. Let r(d) = -4*t(d) - 11*y(d). What is r(4)?
0
Let g be ((-3)/(-4))/(-3)*-4. Let v(u) = -12*u + 11*u + g - 6. Let o = -9 + 5. Give v(o).
-1
Let r be 15*1/((-15)/(-6)). Let k(q) = q**2 - 7*q + 4. Calculate k(r).
-2
Let d(b) be the second derivative of -b**3/6 + b**2/2 - b + 9. Determine d(-1).
2
Let k(h) = h**2 + h + 2. Let u(z) = -z - 2. Let g be u(-2). Let y = -2 - g. Give k(y).
4
Let u(c) = 6*c**2 + 4*c - 2. Let p(z) = z**2. Let a(x) = 10*p(x) - u(x). Give a(3).
26
Let x(o) = o**2 + 6*o - 4. Suppose -4 = 5*v - v, -3*j - 5*v = 20. Determine x(j).
-9
Let p(f) = -f**3 - 5*f**2 + 8*f + 9. Suppose -c + 0*c = -4*m + 26, 4*c = 5*m - 49. Determine p(c).
-3
Let u(w) = 4*w - 2. Let n = -8 + 10. Suppose -6 + 2 = -n*s. Calculate u(s).
6
Let o = -6 - -13. Let v(h) = h**3 - 6*h**2 - 6*h - 5. What is v(o)?
2
Let o = -14 + 11. Let p(b) = b. Calculate p(o).
-3
Let t(g) be the third derivative of -g**5/60 + g**4/4 + 3*g**3/2 + 10*g**2. What is t(7)?
2
Let k(n) be the first derivative of -n**3/3 - 3*n**2/2 - 5*n - 34. What is k(-4)?
-9
Let v(l) be the first derivative of -l**2/2 + 2*l + 3. Let h = 38 + -32. What is v(h)?
-4
Let i(b) = -2 + 2*b - 5*b**2 + 3*b**2 + b**2 - 8*b. Calculate i(-6).
-2
Suppose 3*z = 7 + 2. Suppose 3*o = -z + 6. Let p(w) = 12*w - 1. Calculate p(o).
11
Let h(v) = 13 - v**2 - 30 - 10*v + 4*v + 15. Give h(-7).
-9
Let p be 18/(-99) - 365/(-11). Let l(a) = 27*a + 4*a**2 - 3*a**2 - 3 - p*a. Give l(6).
-3
Let b(l) = -6*l + 10 - 1 - 6 + 1. Calculate b(3).
-14
Suppose 0 = 2*d - 0*d + l + 5, 4*d = -3*l - 15. Suppose 5*x - 4*r + 16 = d, r - 6 + 2 = 3*x. Let h(v) = v - v**2 + x + 4 - 2 + 0. Determine h(0).
2
Let u(c) = -5*c**2 + c**3 + c + 2 - c**2 + 2*c**2 + 0. Calculate u(3).
-4
Let l(z) be the third derivative of z**5/60 - z**4/8 - z**3/3 + 4*z**2. Let v be 1/(1/(-2)) - -22. Suppose -4 + v = 4*d. Determine l(d).
2
Suppose 3*n + 2 = -7. Let z(r) be the first derivative of r**2/2 + r + 2. Calculate z(n).
-2
Let z(c) = -c**3 + 5*c**2 + 2*c - 5. Let w be z(5). Suppose 3*u = 5*f - 37 + 7, 0 = -4*u - w*f - 5. Let y(q) = -q - 7. Calculate y(u).
-2
Let w(x) be the third derivative of x**5/60 + x**4/12 - 5*x**3/6 + x**2. Let y(i) = -i**2 - 5*i + 2. Suppose -21 - 3 = 4*k. Let r be y(k). What is w(r)?
3
Let g(x) = x**2 - 2*x - 3. Let i(d) = -3*d - 11. Let w(r) = -r**3 + 5*r**2 + 5*r + 1. Let q be w(6). Let k be i(q). Determine g(k).
5
Let v(b) = -b**3 + 6*b**2 - 3*b - 6. Let s be v(5). Suppose -f + s = -0. Let l(m) = f*m - 5*m - 3*m + 5 + 0. Calculate l(4).
-11
Let u(b) = b**3 + b**2 - 5. Let d(x) = x**3 + x**2 - 3*x - 2. Let l be d(-2). Determine u(l).
-5
Let x(g) = 1 - 4 + 2 - 8*g. Let w(y) = -y. Let r(k) = w(k) - x(k). Suppose -7*f - 3 = -10*f. Give r(f).
8
Let i be 2*(-3)/6*5. Let h = 7 - 4. Let k(n) = 3*n**2 + 2 + n**3 + h*n**2 + n - n**2. Calculate k(i).
-3
Let g(w) = w**3 - 9*w**2 - 9*w - 11. Let b be g(10). Let l(r) = 3*r**2 + 2*r + 1. What is l(b)?
2
Suppose 8*u = 4*u + 4. Let d be u + -1 + 6/1. Let k(m) = -m + 10. Determine k(d).
4
Suppose 5*t - 30 = 5. Let j = t - 0. Let r(h) = 2*h - 9. What is r(j)?
5
Let a = -9 - -10. Let b(o) = -10*o + 1. Determine b(a).
-9
Let p(t) = 2*t - t + 3 - 5. Let j(z) = 2 + 2*z + 2 + 6 + 4. Let s be j(-8). Determine p(s).
-4
Let p(f) be the second derivative of -f**5/20 + 5*f**4/12 + f**3/6 - f**2/2 - 3*f. Let u(v) = -v**3 + 5 + 0*v + 0*v. Let g be u(0). Calculate p(g).
4
Let s(v) = v - 14. Let o(c) = -2*c + 27. Let q(j) = 3*o(j) + 7*s(j). Determine q(10).
-7
Suppose 5*r - 20 = 0, 2*y - 2*r + 2 = -r. Suppose -y = -x + 4. Let c(i) = -3 + 2 - 5 + i. Determine c(x).
-1
Suppose w - 2*o - 16 = 4*w, 0 = 3*o - 3. Let b be -3 - 3/w*-4. Let v(a) = 6 - 3 + 0*a - a. Calculate v(b).
8